 1 - (-21 - -24)
7
What is (-6 - 0) + (-24 - -19)?
-11
Evaluate 4 + 2 + -17 + 11.
0
What is 17 - (11 + -15 + (-1 - -7))?
15
What is the value of 21 + -6 - (1 - (-1 + -5))?
8
27 + (-10 + 13 - 21)
9
Evaluate -5 - (-138 - -153 - (1 - 0)).
-19
Calculate -1 + -4 - -1 - -15 - (3 + -4).
12
14 + (-39 - -12) + 13 - -11
11
0 + 1 - (12 + -6 - 6 - 10)
11
What is the value of (-2 - (11 + 0)) + 14 - 23?
-22
Evaluate -11 + 13 + (-6 - 8).
-12
What is the value of (53 - 44) + 1 + -28?
-18
Evaluate -39 + 46 - ((3 + 0 - 1) + 5).
0
Evaluate 24 - (31 - 36) - 52.
-23
What is the value of 27 + -2 - (334 + -297)?
-12
Calculate -22 + 52 + (-15 - 1).
14
2 + (6 + 3 - 18)
-7
What is -11 + 13 + 6 + 1?
9
What is (11 - 29) + 2 - (0 + 2)?
-18
Evaluate -27 + 1 + -517 + 535.
-8
Evaluate (7 - (-1 + 6) - 4) + 6 - -11.
15
Evaluate -37 - ((-30 - 31) + 35).
-11
Evaluate 8 + (4 - (7 - 0) - 2).
3
(11 - (9 + -16 + 13)) + -9
-4
Calculate -6 - ((-10 - 0) + 9) - (0 - -5).
-10
(-8 + 10 - (-6 + 2)) + 1 - 20
-13
What is the value of -3 - 0 - (27 + -28 + -6)?
4
-4 + 6 + (-24 - -14) + (0 - -17)
9
What is 7 + (-4 + (-1 - 1) - (33 - 29))?
-3
-27 - -5 - (0 - 14)
-8
125 + -126 - (1 + 14) - -28
12
Calculate 65 + -60 - (-24 - -25 - (-9 - -1)).
-4
-11 + 4 + -65 + 70
-2
Calculate (22 - 43) + 22 - -12.
13
What is 6 - 13 - -15 - -6 - (3 + 7)?
4
-10 + (1 - -9) + (3 - 3) + -1
-1
Calculate (-13 - -7) + 13 - 16 - -4 - -4.
-1
What is the value of (-15 - -29) + (-3 - (1 - (-1 - -5)))?
14
What is (10 + 18 - 29) + (2 - (2 + 2))?
-3
What is the value of -15 + 8 + -13 - (0 - -2 - -3)?
-25
5 + (-1 - 1 - (2 - -8))
-7
What is -12 + 16 + -16 + 3 + 5?
-4
5 - (8 + -8) - 19
-14
Calculate 106 - 89 - (8 - 0).
9
-13 - (-10 - (10 + (-10 - 9)))
-12
What is the value of 5 - (10 + -2 - (16 - 8))?
5
Evaluate 3 - (-1 - 3 - (17 + -14)).
10
What is 13 + -7 + 20 + -9 + (1 - 7)?
11
Calculate 19 - (-12 - -6 - (-17 - -3)).
11
What is (-7 - 40) + -37 - -45?
-39
What is 450 + -416 - (1 - -7)?
26
What is the value of (3 + -4 - -3) + -12 + 11?
1
Evaluate 74 - 79 - (7 + (0 - 1)).
-11
What is (-2 - 2) + -8 + 12 + (0 - 4)?
-4
Evaluate -4 + 2 + 21 + (-11 - -29).
37
-54 + 59 + (1 - 1) + 6 - 6
5
What is the value of -10 + 6 + -11 + 12?
-3
Evaluate 11 + 8 + -19 + (50 - 31).
19
Evaluate (-1 - -2) + -5 - (14 - 8 - 1).
-9
Evaluate -9 - ((9 + -1 - 13) + 1).
-5
What is (2 - 3) + -1 - (9 + (8 - 5))?
-14
Calculate 0 + 0 + 16 + 0 - (3598 + -3592).
10
What is the value of -1 + (8 - (-22 + 11 - 1))?
19
228 + -221 - (2 + -6)
11
What is the value of (2 + 5 - 3) + (-15 - -13)?
2
What is 0 - (-2 + -1) - (24 + (37 - 55))?
-3
What is -1 + -5 + 5 + 13 + 0?
12
What is (-5 + -1 - (-2 - 2) - 1) + -7?
-10
What is the value of -11 + 4 + (5 - 1 - (9 + -1))?
-11
Calculate -4 - (1 - 4) - (-4 + 0).
3
Calculate 0 - (-12 + 16 + -9 + (-2 - -13)).
-6
-3 - (-11 + 5 + -2 + 4)
1
What is -5 - (0 + 15 + -27) - -17?
24
What is the value of 28 + 1 - (-15 + (-42 - -65))?
21
Evaluate (-4 - 17 - -11) + 57 + -22.
25
What is 0 + 67 - (1233 + -1201)?
35
7 + -14 + (-1 + 6 - -1)
-1
What is (-9 - -60) + -12 + -4 + -12?
23
What is 9 + -7 + (6 - 7) - -29 - 5?
25
(17 - (3 - 1)) + (-16 - (1 - 14))
12
Calculate -34 + 0 + (693 - 686).
-27
Evaluate (3 - 6) + (-8 - -20).
9
Evaluate (6 - -4) + (1 + -3 - (6 - 4)).
6
What is (-2 - 1 - (-4 - (-6 + 19))) + -1?
13
Evaluate -1 - (17 + -12 - 4).
-2
What is the value of (1 - -7) + -7 + 7 + 4 + -5?
7
Calculate -6 - ((4 - (19 + -3)) + -1).
7
What is (-3 - (-7 + (2 - 10))) + 4?
16
-1 + -1 + 0 + 2 + 31 + -34
-3
Calculate (0 - 23) + 13 + -21 + 0.
-31
Calculate 27 - ((57 - 23) + -12).
5
What is the value of (6 - 6) + 1 + (6 - -9) + -9?
7
What is the value of -144 + 177 + -27 + -1?
5
Calculate 77 + -30 - 56 - (-3 + -1).
-5
9 - (8 - 10) - (-37 + 56)
-8
What is -5 + 1 - (-5 + 7 + -2)?
-4
What is the value of (9 - ((1 - 13) + 18)) + (5 - -2)?
10
What is the value of 3 + -11 + -14 + 12?
-10
What is the value of -7 + 13 + 3 + 4 + 2?
15
-97 + 83 + -2 + 6 + 32
22
Evaluate (-37 - -44) + 5 - (1 - -1).
10
Evaluate -21 + (-10 - -3 - -29).
1
Calculate 0 + 8 + -1 + 4.
11
Evaluate (-11 - -1) + -5 + -58 + 98.
25
Calculate -11 - -17 - 16 - 10.
-20
78 - 66 - (-2 - -7 - 0)
7
Evaluate -25 - ((15 - 21) + -11).
-8
-24 + 1 + 118 + -104
-9
Evaluate -12 + 1 + (5 - -5).
-1
What is -19 + 1 + 22 + -13?
-9
32 + 4 - (163 - 143)
16
27 - 37 - (-13 + 1)
2
What is -29 - (21 - (-23 - -76))?
3
Evaluate -51 + 45 - (8 + -41).
27
28 + -27 + -33 + 29
-3
-2 + 2 + -10 + 7
-3
Evaluate -5 + -6 - (17 + -6 + 3 + -9).
-16
What is the value of 9 + -2 - (25 + -35 + 10 + 2)?
5
Evaluate 1 + 12 + (-44 - (-15 + 3)).
-19
What is 1 - (26 + -2 - (-11 + -18 + 36))?
-16
11 + (8 - (3 - (8 - 17)))
7
Calculate -7 + 2 + (1 - (-5 + 7 + 0)).
-6
What is 4 + 0 - (55 + -47) - -8?
4
Evaluate 8 - 11 - (1 - (0 - 2) - 10).
4
What is the value of -22 - (1 - (4 + (8 + -7 - -2)))?
-16
Evaluate 35 - 38 - (10 + 2).
-15
Calculate 25 + (62 - 107) + 0 + -18.
-38
Calculate (-38 - -33) + (0 - -2) - -4.
1
Calculate -1 - -7 - (-1 - -2 - (7 - 18)).
-6
Evaluate (1 - (-2 - -2)) + (73 - 82) - 22.
-30
What is -2 + (0 - -14) + (-33 - -27 - -8)?
14
Evaluate -10 - -8 - (-1 + 0 + (2 - -7)).
-10
What is (-16 - ((-42 - -16) + 8)) + 27?
29
Calculate (-8 - -9) + -5 + 9 - 7.
-2
Evaluate (15 - (9 + 11)) + (-3 - 2).
-10
Calculate 16 - (6 + (18 - 36) + 58).
-30
1 - -6 - (7 - (-25 - (7 - 18)))
-14
What is the value of (4 - 6) + -29 + 44?
13
Calculate -1 - -18 - (16 + -8) - 9.
0
Evaluate 34 - (45 + 3 + -25).
11
What is the value of (0 - -6) + -9 - (-14 - -12)?
-1
What is the value of -12 - (34 + -70 - -4)?
20
29 + (-2 + 2 - -7) + 3 + -7
32
8 + (-10 - (-12 + 0 - 4))
14
Evaluate 20 + -5 + -20 - (-35 + 2).
28
What is the value of 2 - (-10 - (-1 + -14))?
-3
-351 + 354 - (7 + -3 + (2 - 0))
-3
Evaluate 3 - (21 + (-5 - 6)).
-7
25 + -11 - (16 + -7)
5
What is the value of (-2 - (24 - 15)) + (3 - 5)?
-13
Calculate 44 + -29 - (-1 + 8).
8
(-3 - -10) + -12 - -17
12
What is the value of (-6 - 3 - -2) + 2 + 16?
11
(-13 - (18 - 25)) + 35
29
39 - 50 - (3 - 0)
-14
Evaluate 6 + (2 + 1 - (57 - 64)).
16
Evaluate (67 - 62) + -1 + -10 - -8.
2
-38 - -47 - (14 + -30)
25
-21 + 18 - (-1 - 4)
2
Evaluate -274 + 276 + 9 + 1.
12
Evaluate -3 - (-15 + 31 + -10).
-9
Calculate -11 + 1 + -1 + (3 - (12 + 1)).
-21
What is the value of -18 - ((14 - 3) + (-26 - -16))?
-19
Calculate 35 + -48 + 7 - (21 - -1 - -1).
-29
What is -984 + 989 - (-1 + 31 - (3 - 3))?
-25
Calculate -17 + 23 - (16 - -2).
-12
What is (-27 - (3 + (-30 - 0))) + (-1 - -38)?
37
What is the value of 6 - (-9 - (-6 - 16)) - 20?
-27
Evaluate 16 + -5 - (-39 - -61).
-11
Calculate 7 + -1 + (-19 - -11 - 4) + 8.
2
What is the value of -17 + (20 - -16) - 26?
-7
What is -24 + 14 + 3 + 10?
3
What is (-42 - (-22 - -6)) + 62?
36
What is (4 + -7 - -6) + (9 - 1) - -3?
14
Calculate 18 - 18 - (6 + (-2 - 0)).
-4
Calculate (-3 - (-14 - 9)) + -8.
12
Calculate 418 + -427 + (24 + (-2 - -1) - 2).
12
What is the value of 2 + (5 - -6) + -6?
7
Evaluate -11 + 12 + 17 + -29.
-11
Calculate -32 + 59 + -17 - (-21 - (-4 - -1)).
28
-4 - (-8 - 0) - (-8 - -4 - 2)
10
What is 11 - (-2 - (-45 + 26))?
-6
What is the value of -3 + -1 - (181 - 198)?
13
Evaluate 4 + (-10 + -4 - -7) + -9 + 16.
4
Calculate (-20 + 9 - 3) + 1 + 26.
13
What is the value of (3 + (-1 - (5 + 1)) - -7) + 2?
5
What is the value of 60 - 34 - (-1 - -8)?
19
What is (-25 - -4) + 32 + (-7 - 2)?
2
Evaluate -3 - (-12 - (14 - 11)).
12
Evaluate 0 + -1 + (-5 - -5) + 10 + -4.
5
Calculate (-126 - -72) + 6 + 24.
-24
Evaluate (-2 - -9) + (42 - 58) + -4.
-13
What is 42 + (3 + -29 - 0)?
16
What is the value of (-18 - (14 + -6 + 0 + -1)) + 3?
-22
What is the value of -4 + -32 - -31 - (0 - 0)?
-5
What is the value of -17 + (29 + -40 - (-66 - -8))?
30
Calculate -5 + (3 + -3 + 4 - (1 + 20)).
-22
What is the value of (2 - -3) + -6 + (-2 - -13)?
10
Evaluate -2 - (-5 - (-8 - -3) - -10).
-12
1 - -5 - ((61 - 43) + -8)
-4
Evaluate 32 + -41 + 20 + -1 + 5.
15
Calculate 22 + (-14 + 11 - 5 - 2).
12
23 + 49 + -24 + -45
3
-235 + 228 - (0 + -1)
-6
What is 16 + -2 + (-1 - ((-1 - 0) + 6))?
8
Evaluate 4 + -12 - (-9 - -8).
-7
(20 + -20 - (-9 + 5)) + -3
1
12 - (11 - 10) - 11
0
What is (-18 - (-32 - 3)) + 8 + 7?
32
-9 - (-8 - -16) - -12
-5
Calculate (-29 - 3) + 51 + -9.
10
Calculate -6 - ((10 - 7) + 5 + -15).
1
What is the value of (12 